f + q - 4*q, 5*q = -25. Is 88/f + (-6)/9 composite?
True
Suppose 4*b - b = 12. Suppose 4*v - x = 3*x + 216, -5*v = b*x - 288. Let c = v + 27. Is c composite?
False
Let c be 148/3 + (-6)/18. Let z = c - 22. Suppose -u + 92 = -z. Is u prime?
False
Let j(s) = 2*s - 10. Let g be j(7). Is (-1)/(-2) - (-1938)/g prime?
False
Suppose 0 = 5*i - 5 + 30. Let s = 10 + i. Suppose 0 = y + 4*y - p - 269, -2*p = s*y - 257. Is y composite?
False
Let l(y) = 257*y**3. Suppose -3*r = 3 - 6. Is l(r) prime?
True
Let w(r) = -r**3 + r - 4. Let m be w(0). Is (-269)/m + 2/(-8) a prime number?
True
Let k = 2 - 1. Let x be (-1 - 0)*k*3. Is 3/(x/2) + 81 prime?
True
Suppose 379 - 87 = 2*y. Is y prime?
False
Let t be 186/14 + (-6)/21. Suppose 0 = 4*z - 4*d, 4*z - 27 = -0*z - 5*d. Suppose o - t = -o + 3*f, z*o = -f + 3. Is o composite?
False
Let x(c) = -15*c - 5. Is x(-8) composite?
True
Suppose -92 = -0*n - 2*n. Is n prime?
False
Suppose -93 = -4*p + 911. Is p a composite number?
False
Let r be -57*(-3)/((-9)/(-2)). Let k = 60 - r. Is k prime?
False
Suppose 0 = w - 6*w + 2310. Let t = w - 259. Let g = -76 + t. Is g composite?
False
Suppose -2*o + 5*o = 36. Suppose -3*q - o = -6*q. Let n(z) = 2*z**3 - 3*z**2 + z - 1. Is n(q) prime?
True
Let v be ((-6)/(-4))/(1/2). Let h = 6 + -3. Suppose 18 + h = v*k. Is k prime?
True
Suppose -3*k + 2*r = -1225, -5*k - r = 3*r - 2049. Is k a prime number?
True
Let t(g) = -g**3 + 5*g**2 - 3*g - 1. Let q be t(4). Suppose -2*y + 5*i = -25 - 25, -q*y = -2*i - 97. Is y prime?
False
Let b = 143 + 492. Is b a composite number?
True
Suppose -p = -y - 3*p + 391, 4*y - 1559 = -3*p. Is y prime?
True
Let h be 110/30*51/(-1). Let g = -122 - h. Is g a composite number?
True
Suppose -172 = -3*o + 152. Suppose -q + 5*q = 3*z - 239, 3*q - 71 = -z. Let i = o - z. Is i a composite number?
False
Let b(p) = p - 8. Let k be b(8). Suppose -58 + k = -3*z - y, -3*z - 3*y = -60. Let t = z + 7. Is t a prime number?
False
Let i(b) = -3*b - 8. Let s = 4 - 10. Is i(s) prime?
False
Let k = -320 + 479. Is k a prime number?
False
Suppose -5*h + 1864 = -211. Is h composite?
True
Suppose f + u - 15 = -2*u, -2*f - 3*u = -15. Is 49 + (2 - 5) + f prime?
False
Suppose 5*w = 305 + 390. Suppose 20 = -k + w. Is k a composite number?
True
Is -1 + (10/4)/((-1)/(-60)) composite?
False
Suppose -4*a = -m + 162 - 1508, -4*m + 8 = 0. Is a composite?
False
Suppose -2*m + 75 + 53 = 0. Suppose m = u - 223. Is u a composite number?
True
Let d = 19 + -14. Suppose 0 = -3*i + 2*a + 89, -i + d*a = 2*i - 83. Is i a composite number?
False
Let v(p) = 12*p. Let q be v(4). Let r = q - -131. Is r a prime number?
True
Let m(c) = -c. Let v be m(-5). Suppose -68 = -3*z + v*f, 0*f + f = -z + 36. Is z prime?
True
Is 1/(-3)*(-2953 - -4) a composite number?
False
Suppose -4*v - v + 22915 = 0. Is v a prime number?
True
Let w(o) = -90*o + 1. Let x be w(1). Let h = -40 - x. Is h a composite number?
True
Suppose g = -3*i + 4*i, g - 9 = 4*i. Is (g + 4)/(3/879) a prime number?
True
Suppose p = 4 - 1. Suppose p*b = -0*b + 129. Is b prime?
True
Let u(s) = 6*s**2 + 4*s - 4. Let i be u(3). Let l = 88 - i. Is l a prime number?
False
Let k(d) = -2*d**3 - 5*d**2 - 4*d + 1. Is k(-3) prime?
False
Is (-4)/10 + 607/5 prime?
False
Let x(r) = 4970*r**2 - 2*r + 1. Is x(1) a prime number?
True
Let q(c) = 2*c - 2. Let b be q(4). Suppose t - 4*r = -19, 4*r = t + 5*r - b. Is t/(-4) - 237/(-4) prime?
True
Let m = 255 + -165. Let w = 169 - m. Is w composite?
False
Let m be (3/2)/((-9)/(-48)). Let x(h) = -h**3 + 10*h**2 - 10*h + 8. Let b be x(m). Suppose -6 = 5*w - b. Is w prime?
False
Let q(u) = -107*u**3 + 3*u**2 + 2*u - 2. Let b be q(-3). Let f = -2001 + b. Is f a prime number?
True
Let j be -4 + 2 + 0 - 495. Suppose 3*v + v - 2832 = 0. Let s = v + j. Is s composite?
False
Let m = 178 + -121. Is m composite?
True
Let f(a) = 92*a - 1. Is f(1) a prime number?
False
Suppose 5 = 4*j - 631. Is j prime?
False
Let f = 153 - 82. Is f a composite number?
False
Let u = 1406 - 283. Is u a composite number?
False
Let b be 7/((-70)/(-12))*15. Let t be 4/b + 11440/(-45). Is (t/4)/((-2)/4) composite?
False
Let s = 1 + 2. Suppose -s*u = -4*t - 65, 0 = 5*u + 5*t - 138 + 18. Is u composite?
False
Let g(k) = 2*k - 5. Let r be g(4). Suppose 2*x - r = 3*x. Let i(f) = -f**3 - 2*f**2 - f - 1. Is i(x) composite?
False
Let o(j) = j**2 - 7*j - 12. Let l be o(10). Let k = -1 - 4. Let a = k + l. Is a a prime number?
True
Let n = 222 + -73. Is n prime?
True
Suppose 4*y - 3080 = -732. Is y composite?
False
Suppose -13*a + 307 = -12*a. Is a a prime number?
True
Suppose -c + 8 = c. Suppose i + 0*i = c. Suppose -i*z - s = -22, 4 = z + s - 0. Is z prime?
False
Let p = 82 - 49. Let y = -18 + p. Is y/(14/4 + -2) a prime number?
False
Suppose 4*k + k - 1740 = 0. Suppose 6*o - 2*o = k. Is o prime?
False
Is 1 - 1 - (-422)/1 a prime number?
False
Suppose 3*z + 2073 = 6*z. Is z composite?
False
Suppose -5*d - 6 = -3*c, 5*c - 4 = 3*c + 2*d. Let m be (c*1)/((-2)/(-5)). Suppose -182 = x - m*x - 2*b, -229 = -5*x - 2*b. Is x composite?
False
Let o(n) = -n**3 + 11*n**2 + 5*n + 16. Is o(11) composite?
False
Let n be (0 - (-2 + 3))*5. Let r(j) = -10*j + 3. Is r(n) composite?
False
Let t(v) = -9*v**3 - 11*v**2 - 13*v + 14. Is t(-7) prime?
False
Let r = 1 + 2. Let x = r + -5. Let q(u) = 7*u**2 - u + 1. Is q(x) composite?
False
Is (3/(-2))/((-3)/436) a composite number?
True
Let v(t) = -9*t**3 - 2*t**2 - t + 1. Is v(-2) a prime number?
True
Let h be (70/(-21))/(4/6). Let v = h + 4. Is (-3)/4*28/v composite?
True
Let n = 4438 + -2877. Is n a composite number?
True
Let s = 657 + -326. Is s composite?
False
Suppose 5*m = 2*v + 7, -2*m - 19 = -4*v - 3*m. Let q be ((-366)/v)/((-6)/8). Let z = q + -36. Is z composite?
True
Let t = 21 - 13. Suppose -t = -x + 5*v, -5*v + 4 = 4*x - 3. Suppose -5*k + 2*s = 1 - x, -2*k + 2*s - 4 = 0. Is k composite?
False
Let a = -26 + 291. Is a a composite number?
True
Let l(a) = -a**2 + 6*a. Let j be l(5). Let r be 4/14 + 346/14. Suppose -5 - r = -j*k. Is k a prime number?
False
Let s be (0 - -2) + -2 + 2. Suppose l + 3*r - 7 = s*r, -r = 4*l - 34. Is l prime?
False
Let w(u) = 10*u**3 - 4*u**2 - u. Let s be w(4). Suppose 0 = 2*o - s + 130. Is o composite?
True
Let r = 8 + -3. Let j = 15 - r. Is 9*j*(-1)/(-6) composite?
True
Let h(i) = 17*i**2 - 5*i + 2. Is h(4) a composite number?
True
Is 7/(44/(-46) + 1) composite?
True
Let b = 114 + -224. Let t = 165 + b. Is t composite?
True
Let n(b) be the third derivative of b**4/24 + b**3/6 - 2*b**2. Let u be n(-2). Let c = u + 5. Is c a composite number?
True
Let o(j) = -3*j**2 + 4*j + 1. Let x be o(3). Let y be 10/(-15) + x/6. Is 0 - (y + -2 + -1) a prime number?
False
Suppose 2*m - m - 730 = 0. Suppose m = 2*p + 3*n, p = 3*p - 2*n - 750. Is p composite?
True
Let q be 6*2/(-4) + 4. Let u be -2 + 2/(-2) + q. Is (-1902)/(-15) - u/10 a prime number?
True
Let z = -4 - -6. Suppose -z*i + 6*i - 23 = -3*l, l + 3 = 4*i. Suppose -l*k - 59 = -304. Is k a composite number?
True
Let p(o) = 1 + 0 - 11*o + 5*o**2 - 13*o**2 - 2*o**3 + o**3. Suppose 0 = -j + 2, 5*j + 22 = -3*v - v. Is p(v) composite?
False
Suppose 4*n - 301 = -109. Let o = n - 27. Is o a prime number?
False
Is (-23661)/(-27) - 4/(-6) composite?
False
Suppose -z + 0*z = -5*b + 11, -z - 5*b + 19 = 0. Suppose -3*o = -z*k + 259, -3*k = -3*o + 7 - 199. Is k a composite number?
False
Suppose 5*t - 1084 - 981 = 0. Is t composite?
True
Let k = -19 + 66. Is k a prime number?
True
Let t = 56 + 50. Suppose -8*g + 6*g = -t. Is g a composite number?
False
Suppose -3*w + 5*g = 16, 3*w = g - 0*g + 4. Let c(p) be the second derivative of 3*p**5/20 + p**3/3 - p**2 - p. Is c(w) composite?
True
Suppose -3*o - y = -4*y, 5*o - 35 = -2*y. Suppose o*l = 2*l + 249. Is l a composite number?
False
Suppose c = -2*c. Suppose 5 = s - c*s. Suppose -s*p + 69 = 4*r, -p - 23 = -3*r + p. Is r prime?
True
Let c(s) = -36*s - 1. Let o(d) = d**3 - 4*d**2 + 2*d - 4. Let f be o(3). Is c(f) a composite number?
False
Let o = -86 - -213. Is o prime?
True
Let y(n) = -n**3 + 3*n**2 + 2*n + 1. Let h be y(4). Is (-2)/6*(h + -170) a composite number?
False
Let p(r) = 9*r**2 - 24*r + 1 + 24*r. Let s be 2/(-3) - (-1)/(-3). Is p(s) a composite number?
True
Suppose 4*y - 5*w = y + 9, -y + 3 = 3*w. Suppose -5*q = y